*p - 12. Let x(d) = -4*m(d) + 11*r(d). Suppose 0 = 5*t + 5*y + 25, 3*y = 2*y + 2. Determine x(t).
4
Let l(i) be the second derivative of -1/12*i**4 + 4*i - 3/2*i**3 + 0 - 1/2*i**2. Suppose -11*z + 2*r - 30 = -7*z, 3*r = -3. Determine l(z).
7
Let p = 0 + 0. Suppose p = z - 3 + 2. Let b(d) = 3*d - 3 - 8 + 6 - z. Calculate b(4).
6
Let y be -940 - 4 - ((-3 - -6) + -5). Let t = -943 - y. Let n(l) = 34*l - 2. Give n(t).
-36
Let m be -1 + -2 + 3 + -4. Let a(j) be the second derivative of -j**4/12 - 7*j**3/6 + 5*j**2/2 - 19258*j. Give a(m).
17
Let z(g) be the third derivative of 0 + 1/24*g**4 + 17*g**2 + 8*g - 4/3*g**3. Determine z(9).
1
Let u(v) = 2*v**2 + 4*v - 1. Suppose -4*d = 4*s, -5 + 1 = -4*s - 3*d. Suppose -j + 3 = 2*x + 2*j, s*j - 6 = -2*x. Calculate u(x).
5
Let l(a) be the second derivative of a**4/3 - 58*a**3/3 - 63*a**2 + 229*a. Give l(30).
-6
Let b(u) = u**3 - 10*u**2 + 8*u + 18. Let j(t) = -2*t - 71. Let w be j(-48). Suppose w = 5*m - 4*f, 4*f + 21 = 4*m + 5. What is b(m)?
9
Let b(n) = n. Let i(f) = f - 1. Let r(s) = -2*s + 2. Let g(p) = 5*i(p) + 2*r(p). Let a(q) = -2*b(q) + g(q). Let c(x) = -7*x - 1. Let d be c(-1). What is a(d)?
-7
Let i(d) be the second derivative of d**6/240 - d**5/120 + d**4/2 - d**3/6 - 6*d - 1. Let t(j) be the third derivative of i(j). Give t(4).
11
Suppose 3*l + 5*a = -156, -4*a = -13*l + 10*l - 129. Suppose 5*m = -2*g + 73, g + 0*m - 2*m - 50 = 0. Let p = g + l. Let n(b) = -7*b - 3. What is n(p)?
18
Let s(o) be the second derivative of -2/3*o**3 + 11*o + 2*o**2 + 2. What is s(-4)?
20
Let s(b) be the first derivative of 7*b**2/2 + 8*b - 933. Determine s(5).
43
Let h(i) = i**3 + i**2 - i - 3. Let v(r) = -2*r**2 + 14*r + 5. Let b be v(7). Suppose 0 = 5*q - 45 - b. Let o = q - 10. Determine h(o).
-3
Let m(v) = -16*v**3 - 138*v**2 + 304*v + 534. Let k(l) = -3*l**3 - 28*l**2 + 61*l + 107. Let c(u) = 21*k(u) - 4*m(u). What is c(34)?
9
Let f(c) = 4*c**2 + 11*c**2 + 34*c**2 + 22 + 20*c - 48*c**2. Calculate f(-19).
3
Let d(b) = -b**2 - 11*b - 7. Let f be (5/((-25)/246))/((-4)/(-20)). Let k = f - -236. Calculate d(k).
3
Suppose 0 = -2*q - 2*q - 32. Let v(w) = w**3 - w**2 + 7*w + 6. Let k be v(4). Let f(d) = 29 - k - d + 42. Determine f(q).
-3
Let z(o) = 13*o + 1092*o**2 - 2144*o**2 + 1051*o**2 - 17. Calculate z(10).
13
Let z(r) = r**3 + 18*r**2 - 21*r - 46. Let t be ((-14125)/(-30))/(-25) + (-3)/18. Determine z(t).
-8
Let j(h) = -7*h + 6. Suppose 4*p - 5*o = 155, 0 = -3*p - 6*o + 2*o + 155. Let x be p/18*(3 + (-1 - 0)). What is j(x)?
-29
Let j(w) = -w**2 - 4*w + 12. Let f be j(-5). Let s be (3 + (0 - 5))*f/2. Let p(i) = 8*i - 31 + i**2 + 64 - 24. Give p(s).
2
Let n = -11 - -8. Let k(x) = -11*x + 75. Let y(u) = -17*u + 93. Let a(l) = 5*k(l) - 4*y(l). Calculate a(n).
-36
Let p(j) = j**3 - 6*j - 12. Let h(b) = b**3 - 27*b**2 + 111*b - 1. Let n be h(5). Give p(n).
28
Let w = 54 + -51. Suppose -9 = 2*r - 5*z, 0 = -5*z + 4*z + w. Let i(a) = -2*a**2 - 41 + 44 + r*a - 7*a**2 + 8*a**2. Give i(4).
-1
Let z(x) = 1. Let y(k) = 6*k - 3. Let w(r) = -y(r) - 2*z(r). Suppose -j + 81 = -2*f, -241 = -3*j - 0*j + 4*f. Let n = 77 - j. Calculate w(n).
13
Let n(o) = -7*o**3 + o**2 + 7*o + 2. Let y(v) = -13*v**3 + 2*v**2 + 13*v + 3. Let g = 222 + -233. Let p(x) = g*n(x) + 6*y(x). Calculate p(0).
-4
Let f(g) = g**3 - 13*g**2 - 29*g + 7. Let z = -15300 + 15315. Determine f(z).
22
Let h(j) = 2*j. Let s be 20/30 + -82*(-23)/6. Suppose -s = 8*u + 229. Let x = u + 75. What is h(x)?
14
Let q be (16/(-40))/(2/(-190)). Let o = 44 - q. Let k(i) = i**2 - 6*i - 8. Determine k(o).
-8
Let o be 1059/15 + 2 - 3/5. Let k = o + -69. Let w(n) = 3 + 5*n**3 + 11*n**2 - 9*n**3 + 3*n**k - 4*n + 3*n. What is w(11)?
-8
Let y = -204 + 208. Suppose 0 = 2*h + 4*o - 16, o + 0*o - y = 5*h. Let l(a) be the third derivative of a**4/24 - 3*a**3/2 + a**2. What is l(h)?
-9
Let c(s) = -11*s**3 + 16*s**3 - 6349*s**2 + 6351*s**2 - s. Let b(y) = y - 5. Let q be b(7). Suppose -2*f + 14 = 3*f - 3*j, -3*f + 9 = -q*j. Give c(f).
6
Let u(c) be the first derivative of c**4 - c**3/3 - 3*c**2/2 - c + 177. Give u(-1).
-3
Let n(j) = j**2 - 8*j - 11. Suppose -2*d = 2*d - 48. Suppose 4*s + 3*b = -2*b + d, 0 = -s + b + 3. Suppose -39 = -s*y - 15. Calculate n(y).
-11
Let t(f) be the third derivative of -f**6/360 + 2*f**5/15 - f**4/2 + 109*f**3/6 - f**2 + 43. Let p(r) be the first derivative of t(r). What is p(12)?
36
Let k(w) = w**3 - 3*w**2 + 3*w + 2. Let x(s) = -42*s + 7. Let l be x(5). Let i be (-580)/l - (-1)/7. Determine k(i).
11
Let b(l) = -l**3 - 25*l**2 + 23*l - 34. Let w be 10/(-265) - 60544/2332. What is b(w)?
44
Suppose 3*y + 92 = 4*d - 90, -3*d + 122 = 5*y. Suppose -2*c + 15 = 4*i - 19, 4*i - d = -4*c. Suppose -i*j + 26 + 34 = 0. Let f(m) = m - 4. Give f(j).
6
Let o(d) be the second derivative of -d**4/6 + 5*d**3/6 + 5*d**2/2 - 8*d. Suppose 450 = 24*w + 84*w - 18*w. Calculate o(w).
-20
Let r(g) = -g**2 + 8*g + 28. Let s(d) = -60*d + 1571. Let t be s(26). Give r(t).
-5
Let z(l) = -7*l + 16. Let c be z(-8). Let j = 66 - c. Let t(u) = -u**2 - 2*u. Let k(a) = -a**2 - 3*a + 1. Let i(g) = 4*k(g) - 3*t(g). Give i(j).
4
Let u(b) = -1 - 18*b + 8*b**2 + 0*b - 5 + 11*b. What is u(-3)?
87
Let u = 42 - 40. Let g(z) be the first derivative of -5*z**u + 6*z + 26 - 6 + 4*z**2 + z. Give g(6).
-5
Let f(o) = 128*o - 349. Let y(d) = 110*d - 350. Let p(w) = -4*f(w) + 5*y(w). What is p(9)?
-12
Let o(i) = 4*i + i + 0*i. Let v(g) = -g**2 - 19*g + 82. Let t be v(-22). Suppose j = 3*n, 3*n + 2*j - t = -7. Give o(n).
5
Suppose 0 = -0*y - y - 2*n - 6, y - 12 = 4*n. Suppose y = 6*d - 47 - 37. Let z(r) = d - 38 + 2*r + 14 + 8. Calculate z(3).
4
Let n(w) = -w**2 - 4*w - 1. Let h(y) = y**3 + 2*y**2 + 5*y + 7. Let g be h(-4). Let x = g + 55. Let v = -14 + x. Calculate n(v).
-1
Let p = -8352 + 8345. Let x(q) = -q**2 + 15. Determine x(p).
-34
Let v(o) = 3*o**2 + 63*o + 9. Let u be v(0). Let b(t) = -t**2 + 3*t + 50. Calculate b(u).
-4
Let g(o) be the first derivative of -1/20*o**5 - 1/360*o**6 - 5 + 1/6*o**4 + 4*o**3 + 0*o**2 + 0*o. Let d(b) be the third derivative of g(b). What is d(-5)?
9
Let z be 966/84 + (-3*4 - -1). Let h(c) be the second derivative of 1/6*c**3 - 1/20*c**5 + z*c**4 - 30*c - c**2 + 0. Determine h(6).
4
Let u(a) be the first derivative of 2*a**3/3 + 6*a**2 + 21*a + 3585. Give u(-4).
5
Suppose 3*h - n - 4 = 0, 0 = 4*h + 3*n - 8*n + 2. Suppose 2*l = -h*d + 3*l + 2, -3*l - 15 = 3*d. Let x(z) = -6*z**3 + z**2 - 1. Calculate x(d).
6
Suppose 8*d - 12 = 4*d. Let h(p) = -d + 111*p + 3 - 106*p - p**2. Determine h(5).
0
Let v(j) = j + 8 - 11*j - 57*j + 66*j. Let a be (-2)/7 + (-122)/14. Determine v(a).
17
Let m be 7*((-1)/(-2))/((-13)/(-26)). Let q(z) = 3 - 10 - 11*z + m*z. Give q(-6).
17
Let t(o) = 25*o - 72363*o**2 - 30 - 12*o + 72362*o**2. What is t(8)?
10
Let t(g) be the second derivative of -2*g**3/3 + 85*g**2/2 - 2*g + 16. Determine t(17).
17
Let t(u) = -7*u + 13. Suppose 5*q - 8 = -3*s, 0*q - s + 8 = 3*q. Determine t(q).
-15
Let h(m) = -6*m**3 + m**2 + m. Suppose 13*z - 28*z = 2655. Let l = -178 - z. Determine h(l).
6
Suppose -3*n = -h - 82 + 32, 0 = h - 1. Let f(c) = 1 - 2*c**2 - 5*c**2 + 0*c - c + n*c**3 + 4*c - 16*c**3. What is f(7)?
22
Let z be (-2)/16 - 1659/168. Let m be (-56)/(-10) + -5 - 154/z. Suppose 0 = 4*s - 8*s - m. Let k(d) = -6*d - 4. Give k(s).
20
Let m(c) = 9*c - 20*c + 4*c - 4*c + 9*c - 31. Give m(-21).
11
Let x(f) be the second derivative of -f**5/20 + 2*f**4/3 + 7*f**3/6 - 2*f**2 - 99*f. Suppose -4*z - z = -45. Give x(z).
-22
Let s(t) = -249*t**2 - 10 + 94*t + 375*t**2 - 121*t**2. Calculate s(-19).
9
Let o be (-11)/1*(-67)/(-67) + 25. Let t(i) be the third derivative of -o*i**2 + 0*i + 1/6*i**3 + 0 - 1/4*i**4. Determine t(-1).
7
Let l(i) = -5*i**2 - 18*i. Let z(n) = -2*n**2 - 9*n. Let r = -496 - -493. Let a(w) = r*l(w) + 7*z(w). Let j(p) = -p**2 - 6*p + 8. Let s be j(-6). What is a(s)?
-8
Let w(y) = -33*y**2 + 78*y + 6. Let l(f) = 54*f**2 - 117*f - 8. Let c(k) = 5*l(k) + 8*w(k). Determine c(-6).
-10
Let w = 2 + -2. Let q(s) = w + s**2 - 2 - 2 - 5*s. Suppose 5*f - 7*f = 4*g - 14, -5*g - 3*f + 15 = 0. Give q(g).
2
Let c(d) be the first derivative of -d**4/4 + d**3 + d**2 - d + 913. Determine c(-2).
15
Suppose -39*q + 14*q + 12 = -19*q. Let u(k) = -27*k - 1. Determine u(q).
-55
Let b